vided by 15.
13
Calculate the remainder when 607 is divided by 72.
31
What is the remainder when 441 is divided by 217?
7
Calculate the remainder when 236 is divided by 17.
15
Calculate the remainder when 5073 is divided by 35.
33
What is the remainder when 164 is divided by 25?
14
Calculate the remainder when 3522 is divided by 271.
270
What is the remainder when 10814 is divided by 105?
104
What is the remainder when 272 is divided by 29?
11
Calculate the remainder when 83 is divided by 48.
35
Calculate the remainder when 4079 is divided by 16.
15
Calculate the remainder when 7413 is divided by 2469.
6
Calculate the remainder when 102 is divided by 13.
11
What is the remainder when 41 is divided by 16?
9
What is the remainder when 529 is divided by 113?
77
What is the remainder when 390 is divided by 73?
25
Calculate the remainder when 620 is divided by 24.
20
Calculate the remainder when 185 is divided by 53.
26
What is the remainder when 135 is divided by 34?
33
Calculate the remainder when 324 is divided by 65.
64
Calculate the remainder when 750 is divided by 167.
82
Calculate the remainder when 35 is divided by 32.
3
Calculate the remainder when 1511 is divided by 168.
167
Calculate the remainder when 3466 is divided by 3.
1
Calculate the remainder when 1038 is divided by 16.
14
Calculate the remainder when 185 is divided by 37.
0
Calculate the remainder when 61 is divided by 12.
1
What is the remainder when 392 is divided by 17?
1
What is the remainder when 338 is divided by 104?
26
Calculate the remainder when 596 is divided by 302.
294
Calculate the remainder when 289 is divided by 77.
58
What is the remainder when 188 is divided by 27?
26
What is the remainder when 11596 is divided by 7?
4
What is the remainder when 983 is divided by 196?
3
Calculate the remainder when 529 is divided by 65.
9
What is the remainder when 13 is divided by 3?
1
Calculate the remainder when 829 is divided by 104.
101
What is the remainder when 346 is divided by 57?
4
Calculate the remainder when 51 is divided by 44.
7
What is the remainder when 2878 is divided by 11?
7
Calculate the remainder when 120 is divided by 107.
13
Calculate the remainder when 9 is divided by 7.
2
Calculate the remainder when 4171 is divided by 149.
148
What is the remainder when 67 is divided by 17?
16
What is the remainder when 664 is divided by 6?
4
Calculate the remainder when 6435 is divided by 58.
55
What is the remainder when 302 is divided by 102?
98
What is the remainder when 29 is divided by 18?
11
Calculate the remainder when 8398 is divided by 48.
46
What is the remainder when 192 is divided by 65?
62
Calculate the remainder when 7501 is divided by 62.
61
Calculate the remainder when 268 is divided by 27.
25
What is the remainder when 111 is divided by 26?
7
What is the remainder when 17 is divided by 12?
5
Calculate the remainder when 2777 is divided by 6.
5
What is the remainder when 77 is divided by 16?
13
What is the remainder when 458 is divided by 77?
73
What is the remainder when 4090 is divided by 64?
58
What is the remainder when 188 is divided by 19?
17
Calculate the remainder when 3647 is divided by 64.
63
Calculate the remainder when 1306 is divided by 77.
74
What is the remainder when 983 is divided by 4?
3
Calculate the remainder when 1507 is divided by 168.
163
What is the remainder when 81 is divided by 70?
11
Calculate the remainder when 561 is divided by 144.
129
Calculate the remainder when 28 is divided by 13.
2
Calculate the remainder when 176 is divided by 3.
2
What is the remainder when 458 is divided by 8?
2
Calculate the remainder when 1181 is divided by 196.
5
Calculate the remainder when 96 is divided by 77.
19
What is the remainder when 11608 is divided by 54?
52
Calculate the remainder when 3649 is divided by 18.
13
What is the remainder when 49 is divided by 10?
9
Calculate the remainder when 255 is divided by 47.
20
Calculate the remainder when 879 is divided by 44.
43
Calculate the remainder when 95 is divided by 43.
9
Calculate the remainder when 4064 is divided by 13.
8
Calculate the remainder when 376 is divided by 48.
40
Calculate the remainder when 2912 is divided by 94.
92
Calculate the remainder when 5828 is divided by 67.
66
Calculate the remainder when 330 is divided by 21.
15
What is the remainder when 56 is divided by 6?
2
What is the remainder when 56 is divided by 46?
10
What is the remainder when 79 is divided by 29?
21
Calculate the remainder when 76 is divided by 5.
1
What is the remainder when 440 is divided by 75?
65
What is the remainder when 258 is divided by 68?
54
Calculate the remainder when 63 is divided by 23.
17
Calculate the remainder when 629 is divided by 73.
45
What is the remainder when 823 is divided by 64?
55
What is the remainder when 23 is divided by 9?
5
What is the remainder when 26 is divided by 11?
4
What is the remainder when 3217 is divided by 1072?
1
What is the remainder when 401 is divided by 81?
77
Calculate the remainder when 73 is divided by 22.
7
What is the remainder when 553 is divided by 143?
124
Calculate the remainder when 984 is divided by 24.
0
What is the remainder when 2847 is divided by 10?
7
Calculate the remainder when 831 is divided by 64.
63
What is the remainder when 801 is divided by 785?
16
Calculate the remainder when 35188 is divided by 13.
10
Calculate the remainder when 3115 is divided by 13.
8
Calculate the remainder when 1417 is divided by 208.
169
What is the remainder when 143 is divided by 8?
7
What is the remainder when 1007 is divided by 28?
27
Calculate the remainder when 296 is divided by 55.
21
What is the remainder when 112 is divided by 40?
32
What is the remainder when 98 is divided by 51?
47
What is the remainder when 7341 is divided by 34?
31
Calculate the remainder when 188 is divided by 49.
41
What is the remainder when 1321 is divided by 63?
61
What is the remainder when 1406 is divided by 21?
20
What is the remainder when 1259 is divided by 105?
104
Calculate the remainder when 499 is divided by 10.
9
Calculate the remainder when 4068 is divided by 110.
108
What is the remainder when 16 is divided by 5?
1
Calculate the remainder when 25 is divided by 21.
4
What is the remainder when 124 is divided by 13?
7
Calculate the remainder when 99 is divided by 9.
0
What is the remainder when 366 is divided by 63?
51
What is the remainder when 320 is divided by 54?
50
Calculate the remainder when 3768 is divided by 145.
143
Calculate the remainder when 1639 is divided by 109.
4
What is the remainder when 490 is divided by 16?
10
Calculate the remainder when 137 is divided by 48.
41
Calculate the remainder when 3404 is divided by 13.
11
Calculate the remainder when 1576 is divided by 31.
26
What is the remainder when 100 is divided by 4?
0
What is the remainder when 1078 is divided by 78?
64
Calculate the remainder when 8011 is divided by 46.
7
Calculate the remainder when 947 is divided by 137.
125
Calculate the remainder when 264 is divided by 61.
20
What is the remainder when 26457 is divided by 189?
186
Calculate the remainder when 1773 is divided by 246.
51
Calculate the remainder when 390 is divided by 87.
42
What is the remainder when 886 is divided by 125?
11
What is the remainder when 67 is divided by 35?
32
What is the remainder when 37 is divided by 2?
1
What is the remainder when 141 is divided by 42?
15
Calculate the remainder when 183 is divided by 58.
9
Calculate the remainder when 977 is divided by 98.
95
Calculate the remainder when 2799 is divided by 93.
9
What is the remainder when 10609 is divided by 14?
11
What is the remainder when 345 is divided by 58?
55
Calculate the remainder when 138 is divided by 58.
22
Calculate the remainder when 20 is divided by 20.
0
What is the remainder when 81 is divided by 19?
5
Calculate the remainder when 184 is divided by 87.
10
What is the remainder when 217 is divided by 6?
1
Calculate the remainder when 121 is divided by 38.
7
What is the remainder when 217 is divided by 55?
52
Calculate the remainder when 78 is divided by 40.
38
What is the remainder when 269 is divided by 24?
5
Calculate the remainder when 311 is divided by 18.
5
What is the remainder when 374 is divided by 90?
14
What is the rem